{"id":243,"date":"2022-09-28T15:33:40","date_gmt":"2022-09-28T13:33:40","guid":{"rendered":"https:\/\/foto-ap.eu\/?page_id=243"},"modified":"2025-03-26T21:21:48","modified_gmt":"2025-03-26T20:21:48","slug":"fotografia-slubna-strona-glowna","status":"publish","type":"page","link":"https:\/\/foto-ap.eu\/","title":{"rendered":"Strona g\u0142\u00f3wna"},"content":{"rendered":"\n<div class=\"wp-block-group alignwide\"><div class=\"wp-block-group__inner-container is-layout-flow wp-block-group-is-layout-flow\">\n<div class=\"wp-block-columns alignwide is-layout-flex wp-container-core-columns-is-layout-9d6595d7 wp-block-columns-is-layout-flex\">\n<div class=\"wp-block-column is-layout-flow wp-block-column-is-layout-flow\">\n<h3 class=\"wp-block-heading\">Oferta<\/h3>\n\n\n\n<p>Obs\u0142uguj\u0119 \u015bluby, wesela, chrzty, komunie, turnieje sportowe, spotkania firmowe i inne. Wykonuj\u0119 kompletne fotoreporta\u017ce z uroczysto\u015bci i event\u00f3w, a tak\u017ce sesje plenerowe .<\/p>\n\n\n\n<p>Klient otrzymuje ca\u0142y materia\u0142 fotograficzny z sesji zdj\u0119ciowej na no\u015bniku cyfrowym lub do pobrania w chmurze. Na \u017cyczenie klienta przygotowuj\u0119 fotoalbum lub fotoksi\u0105\u017ck\u0119 z wybranych uj\u0119\u0107.<\/p>\n\n\n\n<p>Obs\u0142uguj\u0119 zlecenia z terenu ca\u0142ej Polski.<\/p>\n<\/div>\n<\/div>\n<\/div><\/div>\n\n\n\n<h3 class=\"wp-block-heading\">O mnie<\/h3>\n\n\n\n<p>Profesjonalnie fotografi\u0105 zajmuj\u0119 si\u0119 od ponad 20 lat. W tym czasie spod mojej r\u0119ki wysz\u0142a niezliczona ilo\u015b\u0107 zdj\u0119\u0107 uwieczniaj\u0105cych najwa\u017cniejsze chwile w \u017cyciu wielu ludzi.&nbsp; Mo\u017cliwo\u015b\u0107 towarzyszenia Wam w takich chwilach i zatrzymywania ich w kadrze daje mi ogromn\u0105 satysfakcj\u0119 i pozwala na realizacj\u0119 w\u0142asnej pasji. Zawsze staram si\u0119 uwieczni\u0107 to, co najwa\u017cniejsze &#8211; emocje.<\/p>\n","protected":false},"excerpt":{"rendered":"<p>Oferta Obs\u0142uguj\u0119 \u015bluby, wesela, chrzty, komunie, turnieje sportowe, spotkania firmowe i inne. Wykonuj\u0119 kompletne fotoreporta\u017ce z uroczysto\u015bci i event\u00f3w, a tak\u017ce sesje plenerowe . Klient otrzymuje ca\u0142y materia\u0142 fotograficzny z sesji zdj\u0119ciowej na no\u015bniku cyfrowym lub do pobrania w chmurze. Na \u017cyczenie klienta przygotowuj\u0119 fotoalbum lub fotoksi\u0105\u017ck\u0119 z wybranych uj\u0119\u0107. Obs\u0142uguj\u0119 zlecenia z terenu ca\u0142ej &hellip; <\/p>\n<p class=\"link-more\"><a href=\"https:\/\/foto-ap.eu\/\" class=\"more-link\">Czytaj dalej<span class=\"screen-reader-text\"> \u201eStrona g\u0142\u00f3wna\u201d<\/span><\/a><\/p>\n","protected":false},"author":1,"featured_media":0,"parent":0,"menu_order":0,"comment_status":"closed","ping_status":"closed","template":"","meta":{"om_disable_all_campaigns":false,"_monsterinsights_skip_tracking":false,"_monsterinsights_sitenote_active":false,"_monsterinsights_sitenote_note":"","_monsterinsights_sitenote_category":0,"footnotes":""},"class_list":["post-243","page","type-page","status-publish","hentry"],"aioseo_notices":[],"_links":{"self":[{"href":"https:\/\/foto-ap.eu\/index.php\/wp-json\/wp\/v2\/pages\/243","targetHints":{"allow":["GET"]}}],"collection":[{"href":"https:\/\/foto-ap.eu\/index.php\/wp-json\/wp\/v2\/pages"}],"about":[{"href":"https:\/\/foto-ap.eu\/index.php\/wp-json\/wp\/v2\/types\/page"}],"author":[{"embeddable":true,"href":"https:\/\/foto-ap.eu\/index.php\/wp-json\/wp\/v2\/users\/1"}],"replies":[{"embeddable":true,"href":"https:\/\/foto-ap.eu\/index.php\/wp-json\/wp\/v2\/comments?post=243"}],"version-history":[{"count":13,"href":"https:\/\/foto-ap.eu\/index.php\/wp-json\/wp\/v2\/pages\/243\/revisions"}],"predecessor-version":[{"id":442,"href":"https:\/\/foto-ap.eu\/index.php\/wp-json\/wp\/v2\/pages\/243\/revisions\/442"}],"wp:attachment":[{"href":"https:\/\/foto-ap.eu\/index.php\/wp-json\/wp\/v2\/media?parent=243"}],"curies":[{"name":"wp","href":"https:\/\/api.w.org\/{rel}","templated":true}]}}